s the highest common factor of 16 and 512?
16
Calculate the greatest common factor of 154 and 1397.
11
What is the highest common divisor of 2 and 218?
2
What is the highest common factor of 903 and 70?
7
What is the greatest common factor of 27952 and 32?
16
What is the highest common factor of 3150 and 273?
21
Calculate the highest common factor of 9 and 21.
3
Calculate the highest common factor of 810 and 180.
90
Calculate the greatest common factor of 158 and 3081.
79
What is the highest common divisor of 2 and 22?
2
Calculate the greatest common factor of 60 and 20.
20
What is the highest common factor of 15 and 1455?
15
Calculate the highest common factor of 136 and 34.
34
Calculate the greatest common factor of 208 and 896.
16
Calculate the highest common factor of 14 and 1008.
14
What is the greatest common divisor of 56 and 546?
14
What is the highest common factor of 6739 and 23?
23
Calculate the greatest common divisor of 44 and 3410.
22
What is the highest common divisor of 9366 and 6?
6
Calculate the highest common factor of 180 and 315.
45
Calculate the highest common factor of 871 and 26.
13
Calculate the greatest common factor of 4884 and 72.
12
What is the greatest common divisor of 4 and 2500?
4
Calculate the greatest common divisor of 84 and 2688.
84
What is the highest common factor of 427 and 28?
7
Calculate the greatest common factor of 114 and 34.
2
What is the highest common factor of 7 and 1?
1
Calculate the greatest common divisor of 22 and 1331.
11
Calculate the highest common divisor of 585 and 7515.
45
What is the highest common divisor of 220 and 20?
20
What is the greatest common factor of 297 and 27?
27
Calculate the greatest common divisor of 42 and 798.
42
Calculate the highest common factor of 847 and 143.
11
What is the highest common divisor of 72 and 1314?
18
Calculate the greatest common factor of 37 and 1.
1
Calculate the highest common divisor of 56 and 854.
14
What is the highest common factor of 5 and 265?
5
Calculate the greatest common divisor of 12 and 972.
12
Calculate the greatest common divisor of 810 and 160.
10
Calculate the highest common divisor of 164 and 246.
82
Calculate the greatest common factor of 245 and 392.
49
Calculate the greatest common factor of 99 and 297.
99
What is the greatest common factor of 1536 and 12?
12
Calculate the greatest common factor of 33 and 352.
11
Calculate the highest common factor of 22 and 15026.
22
What is the greatest common factor of 96 and 60?
12
Calculate the highest common divisor of 544 and 15504.
272
What is the highest common divisor of 22 and 1199?
11
What is the highest common divisor of 513 and 279?
9
What is the highest common divisor of 560 and 14?
14
Calculate the highest common divisor of 254 and 18669.
127
What is the highest common factor of 42 and 812?
14
What is the greatest common divisor of 456 and 171?
57
Calculate the highest common factor of 24 and 936.
24
What is the highest common factor of 32139 and 9?
9
What is the highest common divisor of 192 and 12?
12
What is the greatest common divisor of 1498 and 1070?
214
What is the highest common divisor of 323 and 289?
17
What is the highest common factor of 12 and 92?
4
Calculate the greatest common divisor of 429 and 2002.
143
Calculate the highest common factor of 24 and 36.
12
What is the greatest common factor of 11864 and 88?
8
Calculate the greatest common factor of 2363 and 17.
17
Calculate the greatest common factor of 175 and 245.
35
What is the highest common factor of 180 and 17730?
90
What is the greatest common divisor of 926 and 2?
2
What is the greatest common divisor of 2 and 162?
2
What is the highest common factor of 765 and 170?
85
Calculate the highest common divisor of 1596 and 756.
84
Calculate the greatest common factor of 2233 and 539.
77
What is the highest common divisor of 144 and 32?
16
What is the greatest common divisor of 31 and 124?
31
Calculate the greatest common factor of 456 and 12996.
228
Calculate the highest common factor of 600 and 24.
24
Calculate the highest common factor of 201 and 27135.
201
Calculate the greatest common divisor of 2912 and 16.
16
Calculate the greatest common divisor of 648 and 234.
18
What is the highest common factor of 3402 and 3078?
162
Calculate the highest common divisor of 46 and 207.
23
Calculate the greatest common factor of 63 and 17262.
63
What is the highest common factor of 5 and 205?
5
What is the greatest common divisor of 156 and 182?
26
Calculate the greatest common factor of 1188 and 126.
18
What is the highest common factor of 12404 and 28?
28
Calculate the highest common divisor of 455 and 85.
5
Calculate the greatest common factor of 44 and 77.
11
Calculate the highest common factor of 28 and 2016.
28
Calculate the greatest common divisor of 1208 and 151.
151
Calculate the highest common factor of 38 and 304.
38
Calculate the highest common factor of 2776 and 16.
8
What is the highest common factor of 92 and 253?
23
Calculate the greatest common factor of 136 and 24.
8
Calculate the greatest common divisor of 2491 and 47.
47
What is the highest common factor of 2 and 131?
1
What is the highest common factor of 1183 and 2730?
91
What is the highest common divisor of 56 and 14056?
56
What is the highest common factor of 25 and 240?
5
Calculate the greatest common factor of 15 and 36.
3
What is the highest common factor of 720 and 3420?
180
Calculate the greatest common divisor of 29 and 15863.
29
What is the highest common factor of 14 and 812?
14
Calculate the greatest common factor of 40 and 310.
10
What is the greatest common factor of 48 and 64?
16
Calculate the greatest common divisor of 80 and 695.
5
Calculate the greatest common factor of 143 and 52.
13
Calculate the highest common divisor of 708 and 90.
6
Calculate the highest common divisor of 8 and 1832.
8
Calculate the greatest common divisor of 6850 and 125.
25
Calculate the greatest common factor of 2077 and 31.
31
What is the greatest common divisor of 126 and 18?
18
Calculate the highest common divisor of 225 and 27.
9
What is the greatest common factor of 25 and 2725?
25
What is the highest common divisor of 76 and 14972?
76
Calculate the greatest common divisor of 1569 and 48.
3
Calculate the highest common divisor of 150 and 30.
30
Calculate the highest common factor of 25 and 4825.
25
What is the greatest common factor of 290 and 58?
58
Calculate the greatest common divisor of 40 and 535.
5
What is the highest common factor of 2055 and 15?
15
What is the highest common divisor of 156 and 1950?
78
Calculate the highest common divisor of 34 and 4352.
34
What is the greatest common factor of 2001 and 138?
69
What is the highest common divisor of 69 and 23?
23
Calculate the highest common factor of 1 and 41.
1
Calculate the highest common factor of 132 and 1914.
66
Calculate the greatest common factor of 1309 and 2856.
119
What is the greatest common divisor of 81 and 3?
3
What is the highest common factor of 135 and 324?
27
What is the highest common divisor of 128 and 1?
1
What is the highest common factor of 36 and 5868?
36
Calculate the highest common factor of 3441 and 558.
93
What is the highest common factor of 65 and 949?
13
Calculate the highest common factor of 4763 and 11.
11
What is the highest common divisor of 464 and 29?
29
Calculate the greatest common factor of 6 and 39.
3
What is the highest common factor of 27 and 216?
27
What is the highest common divisor of 125 and 1625?
125
What is the highest common factor of 15 and 540?
15
Calculate the greatest common factor of 150 and 12.
6
What is the highest common divisor of 1056 and 220?
44
Calculate the greatest common divisor of 225 and 81.
9
What is the greatest common divisor of 44 and 1540?
44
What is the greatest common factor of 60 and 132?
12
Calculate the highest common factor of 42342 and 6.
6
Calculate the greatest common factor of 78 and 143.
13
Calculate the highest common factor of 1326 and 546.
78
Calculate the highest common factor of 297 and 81.
27
What is the greatest common divisor of 4 and 4?
4
Calculate the greatest common divisor of 265 and 5035.
265
What is the greatest common divisor of 50 and 1025?
25
What is the highest common divisor of 860 and 